What is the ten millions digit of 71914667?
7
What is the hundreds digit of 546850123?
1
What is the hundreds digit of 117015646?
6
What is the hundred thousands digit of 48366410?
3
What is the units digit of 183448894?
4
What is the tens digit of 550324841?
4
What is the hundred millions digit of 309934648?
3
What is the millions digit of 27482134?
7
What is the tens digit of 131207233?
3
What is the hundreds digit of 3066941771?
7
What is the ten thousands digit of 6431410383?
1
What is the ten thousands digit of 656216994?
1
What is the tens digit of 121488046?
4
What is the units digit of 39674767?
7
What is the thousands digit of 42135763?
5
What is the hundred millions digit of 1120877543?
1
What is the billions digit of 2893374645?
2
What is the thousands digit of 209239159?
9
What is the tens digit of 173030037?
3
What is the ten thousands digit of 18017513?
1
What is the hundred thousands digit of 357660868?
6
What is the millions digit of 528700209?
8
What is the tens digit of 500447634?
3
What is the hundred thousands digit of 241398392?
3
What is the hundred thousands digit of 3375655430?
6
What is the ten thousands digit of 4984940741?
4
What is the ten thousands digit of 45028645?
2
What is the hundreds digit of 46588955?
9
What is the hundred thousands digit of 380689?
3
What is the units digit of 3668600833?
3
What is the hundreds digit of 2522291202?
2
What is the hundreds digit of 2279036705?
7
What is the millions digit of 2659668346?
9
What is the ten millions digit of 455018618?
5
What is the thousands digit of 6635728?
5
What is the millions digit of 22785577?
2
What is the millions digit of 35977424?
5
What is the thousands digit of 735588472?
8
What is the hundreds digit of 458743499?
4
What is the hundred thousands digit of 648020467?
0
What is the hundred thousands digit of 23443481?
4
What is the ten thousands digit of 545898738?
9
What is the ten millions digit of 1718412392?
1
What is the billions digit of 2116573395?
2
What is the hundred millions digit of 1738972835?
7
What is the hundred thousands digit of 4245156944?
1
What is the thousands digit of 165322693?
2
What is the hundred thousands digit of 1053204961?
2
What is the ten thousands digit of 2063983798?
8
What is the millions digit of 27425198?
7
What is the hundreds digit of 820108640?
6
What is the thousands digit of 1382405374?
5
What is the ten millions digit of 1209223468?
0
What is the tens digit of 1522301694?
9
What is the hundreds digit of 22550724?
7
What is the hundred thousands digit of 445974546?
9
What is the tens digit of 257432553?
5
What is the units digit of 2252721769?
9
What is the units digit of 7783902?
2
What is the hundred millions digit of 1355677130?
3
What is the ten thousands digit of 155230862?
3
What is the ten thousands digit of 42845103?
4
What is the ten thousands digit of 13043144?
4
What is the millions digit of 10703939?
0
What is the millions digit of 88185215?
8
What is the millions digit of 214896378?
4
What is the hundred thousands digit of 56351760?
3
What is the hundred millions digit of 220206723?
2
What is the units digit of 34097654?
4
What is the thousands digit of 5103414112?
4
What is the hundreds digit of 728550526?
5
What is the hundred millions digit of 155213144?
1
What is the units digit of 4111183323?
3
What is the hundred millions digit of 1395593411?
3
What is the tens digit of 11376490?
9
What is the millions digit of 55475906?
5
What is the millions digit of 863113050?
3
What is the units digit of 153146518?
8
What is the hundred thousands digit of 35917422?
9
What is the ten thousands digit of 32804386?
0
What is the thousands digit of 671567082?
7
What is the thousands digit of 16290101?
0
What is the hundreds digit of 51051719?
7
What is the millions digit of 361821083?
1
What is the ten thousands digit of 170360849?
6
What is the ten millions digit of 34152530?
3
What is the units digit of 872632703?
3
What is the hundred thousands digit of 60656343?
6
What is the units digit of 588690961?
1
What is the tens digit of 49125815?
1
What is the hundred thousands digit of 42943546?
9
What is the tens digit of 376140955?
5
What is the hundred millions digit of 3995391806?
9
What is the tens digit of 100156609?
0
What is the hundreds digit of 1741084369?
3
What is the ten thousands digit of 83291655?
9
What is the units digit of 316805449?
9
What is the thousands digit of 515756669?
6
What is the tens digit of 83450175?
7
What is the hundred thousands digit of 630588?
6
What is the hundreds digit of 238907473?
4
What is the ten thousands digit of 2015955195?
5
What is the ten thousands digit of 436873270?
7
What is the hundred thousands digit of 3629965944?
9
What is the hundreds digit of 7424414?
4
What is the tens digit of 1728958046?
4
What is the hundred thousands digit of 1710865?
7
What is the units digit of 224726807?
7
What is the tens digit of 1067122125?
2
What is the hundred thousands digit of 1537455310?
4
What is the millions digit of 184378579?
4
What is the hundreds digit of 298703533?
5
What is the thousands digit of 176259947?
9
What is the hundreds digit of 14580339?
3
What is the millions digit of 277720864?
7
What is the ten millions digit of 510804837?
1
What is the hundred millions digit of 5724583163?
7
What is the ten millions digit of 84655818?
8
What is the thousands digit of 155498566?
8
What is the hundreds digit of 141140662?
6
What is the ten thousands digit of 319953699?
5
What is the ten thousands digit of 857718694?
1
What is the ten thousands digit of 83842774?
4
What is the ten thousands digit of 802899170?
9
What is the tens digit of 101645284?
8
What is the millions digit of 24702012?
4
What is the hundreds digit of 5222860255?
2
What is the millions digit of 120734430?
0
What is the units digit of 122952427?
7
What is the tens digit of 20728994?
9
What is the units digit of 337692?
2
What is the ten millions digit of 92409827?
9
What is the hundred millions digit of 1188113773?
1
What is the ten thousands digit of 6281082773?
8
What is the ten thousands digit of 1420038?
2
What is the hundreds digit of 741003796?
7
What is the thousands digit of 97229888?
9
What is the ten thousands digit of 161403198?
0
What is the thousands digit of 34396949?
6
What is the hundreds digit of 95232984?
9
What is the ten millions digit of 2467632948?
6
What is the millions digit of 1430762348?
0
What is the units digit of 164917563?
3
What is the units digit of 5506016?
6
What is the units digit of 95972458?
8
What is the ten millions digit of 44914518?
4
What is the hundreds digit of 210072353?
3
What is the ten thousands digit of 1322602855?
0
What is the millions digit of 3347099239?
7
What is the millions digit of 2353556767?
3
What is the hundred millions digit of 248846011?
2
What is the ten thousands digit of 50845850?
4
What is the hundred thousands digit of 213991130?
9
What is the tens digit of 220360439?
3
What is the millions digit of 71246097?
1
What is the thousands digit of 252621465?
1
What is the millions digit of 44400541?
4
What is the hundred thousands digit of 1393459750?
4
What is the hundred thousands digit of 108035210?
0
What is the billions digit of 2791345550?
2
What is the millions digit of 45276606?
5
What is the millions digit of 76255939?
6
What is the ten thousands digit of 1898778?
9
What is the ten millions digit of 1301407634?
0
What is the hundred millions digit of 114890982?
1
What is the hundred thousands digit of 1714599465?
5
What is the units digit of 116420081?
1
What is the units digit of 3029572561?
1
What is the ten thousands digit of 693567440?
6
What is the thousands digit of 255066241?
6
What is the millions digit of 2075399486?
5
What is the ten thousands digit of 83210406?
1
What is the hundreds digit of 99150572?
5
What is the thousands digit of 4823720965?
0
What is the millions digit of 476813681?
6
What is the ten thousands digit of 61845199?
4
What is the thousands digit of 76749243?
9
What is the ten millions digit of 145306721?
4
What is the ten thousands digit of 499114454?
1
What is the hundreds digit of 229662856?
8
What is the hundred thousands digit of 2009793650?
7
What is the hundred thousands digit of 463344143